Dec 02 07:43:22.229 INFO testing Floppy/ruby-version-badger against master#8940af3cea4a9a9deabcaf843b2f8cad9a83fc61 for beta-1.31-5
Dec 02 07:43:22.229 INFO running `"docker" "create" "-v" "/mnt/big/crater/work/local/target-dirs/beta-1.31-5/worker-5/master#8940af3cea4a9a9deabcaf843b2f8cad9a83fc61:/target:rw,Z" "-v" "/mnt/big/crater/work/local/test-source/worker-5/beta-1.31-5/master#8940af3cea4a9a9deabcaf843b2f8cad9a83fc61:/source:ro,Z" "-v" "/mnt/big/crater/work/local/cargo-home:/cargo-home:ro,Z" "-v" "/mnt/big/crater/work/local/rustup-home:/rustup-home:ro,Z" "-e" "USER_ID=1000" "-e" "SOURCE_DIR=/source" "-e" "USER_ID=1000" "-e" "CMD=cargo +8940af3cea4a9a9deabcaf843b2f8cad9a83fc61-alt build --frozen" "-e" "CARGO_TARGET_DIR=/target" "-e" "CARGO_INCREMENTAL=0" "-e" "RUST_BACKTRACE=full" "-e" "RUSTFLAGS=--cap-lints=warn" "-e" "CARGO_HOME=/cargo-home" "-e" "RUSTUP_HOME=/rustup-home" "-m" "1536M" "--network" "none" "crater"`
Dec 02 07:43:22.429 INFO [stdout] 23703c02e460b4f3b4a9954a047490396da237f32094da51c356c06aafe1b776
Dec 02 07:43:22.431 INFO running `"docker" "start" "-a" "23703c02e460b4f3b4a9954a047490396da237f32094da51c356c06aafe1b776"`
Dec 02 07:43:23.125 INFO [stderr] usermod: no changes
Dec 02 07:43:23.167 INFO [stderr] warning: unused manifest key: package.target
Dec 02 07:43:23.410 INFO [stderr]    Compiling memchr v0.1.11
Dec 02 07:43:23.414 INFO [stderr]    Compiling openssl-sys v0.9.27
Dec 02 07:43:23.417 INFO [stderr]    Compiling tokio-io v0.1.5
Dec 02 07:43:23.417 INFO [stderr]    Compiling mio v0.6.13
Dec 02 07:43:23.419 INFO [stderr]    Compiling thread-id v2.0.0
Dec 02 07:43:23.419 INFO [stderr]    Compiling hyper v0.10.13
Dec 02 07:43:23.419 INFO [stderr]    Compiling serde_urlencoded v0.5.1
Dec 02 07:43:25.809 INFO [stderr]    Compiling thread_local v0.2.7
Dec 02 07:43:26.955 INFO [stderr]    Compiling aho-corasick v0.5.3
Dec 02 07:43:31.943 INFO [stderr]    Compiling regex v0.1.80
Dec 02 07:43:32.021 INFO [stderr]    Compiling openssl v0.9.24
Dec 02 07:43:33.623 INFO [stderr]    Compiling tokio-core v0.1.12
Dec 02 07:43:42.951 INFO [stderr]    Compiling tokio-proto v0.1.1
Dec 02 07:43:56.119 INFO [stderr]    Compiling env_logger v0.3.5
Dec 02 07:43:58.355 INFO [stderr]    Compiling iron v0.5.1
Dec 02 07:43:58.727 INFO [stderr]    Compiling hyper v0.11.21
Dec 02 07:43:59.259 INFO [stderr]    Compiling native-tls v0.1.5
Dec 02 07:44:01.794 INFO [stderr]    Compiling tokio-tls v0.1.4
Dec 02 07:44:04.883 INFO [stderr]    Compiling mount v0.3.0
Dec 02 07:44:04.883 INFO [stderr]    Compiling router v0.5.1
Dec 02 07:44:09.427 INFO [stderr]    Compiling staticfile v0.4.0
Dec 02 07:44:16.945 INFO [stderr]    Compiling hyper-tls v0.1.2
Dec 02 07:44:19.831 INFO [stderr]    Compiling reqwest v0.8.5
Dec 02 07:44:31.274 INFO [stderr]    Compiling ruby-version-badger v0.1.1 (/source)
Dec 02 07:44:36.735 INFO [stderr] warning: value assigned to `version` is never read
Dec 02 07:44:36.735 INFO [stderr]   --> src/ruby.rs:19:13
Dec 02 07:44:36.735 INFO [stderr]    |
Dec 02 07:44:36.735 INFO [stderr] 19 |     let mut version = "unknown".to_string();
Dec 02 07:44:36.735 INFO [stderr]    |             ^^^^^^^
Dec 02 07:44:36.735 INFO [stderr]    |
Dec 02 07:44:36.735 INFO [stderr]    = note: #[warn(unused_assignments)] on by default
Dec 02 07:44:36.735 INFO [stderr] 
Dec 02 07:44:36.735 INFO [stderr] warning: value assigned to `version` is never read
Dec 02 07:44:36.735 INFO [stderr]   --> src/rust.rs:19:13
Dec 02 07:44:36.735 INFO [stderr]    |
Dec 02 07:44:36.735 INFO [stderr] 19 |     let mut version = "unknown".to_string();
Dec 02 07:44:36.735 INFO [stderr]    |             ^^^^^^^
Dec 02 07:44:36.735 INFO [stderr] 
Dec 02 07:44:36.735 INFO [stderr] warning: value assigned to `version` is never read
Dec 02 07:44:36.735 INFO [stderr]   --> src/node.rs:18:13
Dec 02 07:44:36.735 INFO [stderr]    |
Dec 02 07:44:36.735 INFO [stderr] 18 |     let mut version = "unknown".to_string();
Dec 02 07:44:36.735 INFO [stderr]    |             ^^^^^^^
Dec 02 07:44:36.735 INFO [stderr] 
Dec 02 07:44:36.783 INFO [stderr] warning: function is never used: `language`
Dec 02 07:44:36.783 INFO [stderr]   --> src/config.rs:11:1
Dec 02 07:44:36.783 INFO [stderr]    |
Dec 02 07:44:36.783 INFO [stderr] 11 | pub fn language(lang: String) -> Result<yaml::Yaml, Error> {
Dec 02 07:44:36.783 INFO [stderr]    | ^^^^^^^^^^^^^^^^^^^^^^^^^^^^^^^^^^^^^^^^^^^^^^^^^^^^^^^^^^
Dec 02 07:44:36.783 INFO [stderr]    |
Dec 02 07:44:36.783 INFO [stderr]    = note: #[warn(dead_code)] on by default
Dec 02 07:44:36.783 INFO [stderr] 
Dec 02 07:44:36.783 INFO [stderr] warning: unused `std::result::Result` that must be used
Dec 02 07:44:36.783 INFO [stderr]   --> src/main.rs:20:5
Dec 02 07:44:36.783 INFO [stderr]    |
Dec 02 07:44:36.783 INFO [stderr] 20 |     env_logger::init();
Dec 02 07:44:36.783 INFO [stderr]    |     ^^^^^^^^^^^^^^^^^^^
Dec 02 07:44:36.783 INFO [stderr]    |
Dec 02 07:44:36.783 INFO [stderr]    = note: #[warn(unused_must_use)] on by default
Dec 02 07:44:36.783 INFO [stderr]    = note: this `Result` may be an `Err` variant, which should be handled
Dec 02 07:44:36.783 INFO [stderr] 
Dec 02 07:44:43.635 INFO [stderr]     Finished dev [unoptimized + debuginfo] target(s) in 1m 20s
Dec 02 07:44:43.646 INFO [stderr] su: No module specific data is present
Dec 02 07:44:43.982 INFO running `"docker" "inspect" "23703c02e460b4f3b4a9954a047490396da237f32094da51c356c06aafe1b776"`
Dec 02 07:44:44.076 INFO running `"docker" "rm" "-f" "23703c02e460b4f3b4a9954a047490396da237f32094da51c356c06aafe1b776"`
Dec 02 07:44:44.180 INFO [stdout] 23703c02e460b4f3b4a9954a047490396da237f32094da51c356c06aafe1b776
Dec 02 07:44:44.191 INFO running `"docker" "create" "-v" "/mnt/big/crater/work/local/target-dirs/beta-1.31-5/worker-5/master#8940af3cea4a9a9deabcaf843b2f8cad9a83fc61:/target:rw,Z" "-v" "/mnt/big/crater/work/local/test-source/worker-5/beta-1.31-5/master#8940af3cea4a9a9deabcaf843b2f8cad9a83fc61:/source:ro,Z" "-v" "/mnt/big/crater/work/local/cargo-home:/cargo-home:ro,Z" "-v" "/mnt/big/crater/work/local/rustup-home:/rustup-home:ro,Z" "-e" "USER_ID=1000" "-e" "SOURCE_DIR=/source" "-e" "USER_ID=1000" "-e" "CMD=cargo +8940af3cea4a9a9deabcaf843b2f8cad9a83fc61-alt test --frozen --no-run" "-e" "CARGO_TARGET_DIR=/target" "-e" "CARGO_INCREMENTAL=0" "-e" "RUST_BACKTRACE=full" "-e" "RUSTFLAGS=--cap-lints=warn" "-e" "CARGO_HOME=/cargo-home" "-e" "RUSTUP_HOME=/rustup-home" "-m" "1536M" "--network" "none" "crater"`
Dec 02 07:44:44.416 INFO [stdout] cb4a1bd951a3c6101445cc81830df19c5978e75756c2c32d7afcd816601030f5
Dec 02 07:44:44.420 INFO running `"docker" "start" "-a" "cb4a1bd951a3c6101445cc81830df19c5978e75756c2c32d7afcd816601030f5"`
Dec 02 07:44:44.979 INFO [stderr] usermod: no changes
Dec 02 07:44:45.015 INFO [stderr] warning: unused manifest key: package.target
Dec 02 07:44:45.154 INFO [stderr]    Compiling ruby-version-badger v0.1.1 (/source)
Dec 02 07:44:50.043 INFO [stderr] warning: value assigned to `version` is never read
Dec 02 07:44:50.043 INFO [stderr]   --> src/ruby.rs:19:13
Dec 02 07:44:50.043 INFO [stderr]    |
Dec 02 07:44:50.043 INFO [stderr] 19 |     let mut version = "unknown".to_string();
Dec 02 07:44:50.043 INFO [stderr]    |             ^^^^^^^
Dec 02 07:44:50.043 INFO [stderr]    |
Dec 02 07:44:50.043 INFO [stderr]    = note: #[warn(unused_assignments)] on by default
Dec 02 07:44:50.043 INFO [stderr] 
Dec 02 07:44:50.043 INFO [stderr] warning: value assigned to `version` is never read
Dec 02 07:44:50.043 INFO [stderr]   --> src/rust.rs:19:13
Dec 02 07:44:50.043 INFO [stderr]    |
Dec 02 07:44:50.043 INFO [stderr] 19 |     let mut version = "unknown".to_string();
Dec 02 07:44:50.043 INFO [stderr]    |             ^^^^^^^
Dec 02 07:44:50.043 INFO [stderr] 
Dec 02 07:44:50.043 INFO [stderr] warning: value assigned to `version` is never read
Dec 02 07:44:50.043 INFO [stderr]   --> src/node.rs:18:13
Dec 02 07:44:50.043 INFO [stderr]    |
Dec 02 07:44:50.043 INFO [stderr] 18 |     let mut version = "unknown".to_string();
Dec 02 07:44:50.043 INFO [stderr]    |             ^^^^^^^
Dec 02 07:44:50.043 INFO [stderr] 
Dec 02 07:44:50.115 INFO [stderr] warning: unused `std::result::Result` that must be used
Dec 02 07:44:50.115 INFO [stderr]   --> src/main.rs:20:5
Dec 02 07:44:50.115 INFO [stderr]    |
Dec 02 07:44:50.115 INFO [stderr] 20 |     env_logger::init();
Dec 02 07:44:50.115 INFO [stderr]    |     ^^^^^^^^^^^^^^^^^^^
Dec 02 07:44:50.115 INFO [stderr]    |
Dec 02 07:44:50.115 INFO [stderr]    = note: #[warn(unused_must_use)] on by default
Dec 02 07:44:50.115 INFO [stderr]    = note: this `Result` may be an `Err` variant, which should be handled
Dec 02 07:44:50.115 INFO [stderr] 
Dec 02 07:44:52.923 INFO [stderr]     Finished dev [unoptimized + debuginfo] target(s) in 7.92s
Dec 02 07:44:52.952 INFO [stderr] su: No module specific data is present
Dec 02 07:44:53.906 INFO running `"docker" "inspect" "cb4a1bd951a3c6101445cc81830df19c5978e75756c2c32d7afcd816601030f5"`
Dec 02 07:44:54.245 INFO running `"docker" "rm" "-f" "cb4a1bd951a3c6101445cc81830df19c5978e75756c2c32d7afcd816601030f5"`
Dec 02 07:44:54.555 INFO [stdout] cb4a1bd951a3c6101445cc81830df19c5978e75756c2c32d7afcd816601030f5
Dec 02 07:44:54.559 INFO running `"docker" "create" "-v" "/mnt/big/crater/work/local/target-dirs/beta-1.31-5/worker-5/master#8940af3cea4a9a9deabcaf843b2f8cad9a83fc61:/target:rw,Z" "-v" "/mnt/big/crater/work/local/test-source/worker-5/beta-1.31-5/master#8940af3cea4a9a9deabcaf843b2f8cad9a83fc61:/source:ro,Z" "-v" "/mnt/big/crater/work/local/cargo-home:/cargo-home:ro,Z" "-v" "/mnt/big/crater/work/local/rustup-home:/rustup-home:ro,Z" "-e" "USER_ID=1000" "-e" "SOURCE_DIR=/source" "-e" "USER_ID=1000" "-e" "CMD=cargo +8940af3cea4a9a9deabcaf843b2f8cad9a83fc61-alt test --frozen" "-e" "CARGO_TARGET_DIR=/target" "-e" "CARGO_INCREMENTAL=0" "-e" "RUST_BACKTRACE=full" "-e" "RUSTFLAGS=--cap-lints=warn" "-e" "CARGO_HOME=/cargo-home" "-e" "RUSTUP_HOME=/rustup-home" "-m" "1536M" "--network" "none" "crater"`
Dec 02 07:44:54.963 INFO [stdout] 97d185ff6f5406701a6a81127e019d1bfb601e8f3342323c4d64c798a897d4c5
Dec 02 07:44:54.965 INFO running `"docker" "start" "-a" "97d185ff6f5406701a6a81127e019d1bfb601e8f3342323c4d64c798a897d4c5"`
Dec 02 07:44:56.491 INFO [stderr] usermod: no changes
Dec 02 07:44:56.556 INFO [stderr] warning: unused manifest key: package.target
Dec 02 07:44:56.803 INFO [stderr]     Finished dev [unoptimized + debuginfo] target(s) in 0.28s
Dec 02 07:44:56.819 INFO [stderr]      Running /target/debug/deps/ruby_version_badger-44f5c4f9ba7a2ef5
Dec 02 07:44:56.827 INFO [stdout] 
Dec 02 07:44:56.827 INFO [stdout] running 9 tests
Dec 02 07:44:56.847 INFO [stdout] test config::tests::uses_port_from_env ... ok
Dec 02 07:44:56.847 INFO [stdout] test ruby::tests::current_versions_are_green ... ok
Dec 02 07:44:56.847 INFO [stdout] test ruby::tests::ending_versions_are_orange ... ok
Dec 02 07:44:56.847 INFO [stdout] test ruby::tests::deprecated_versions_are_red ... ok
Dec 02 07:44:56.847 INFO [stdout] test ruby::tests::supported_versions_are_yellow ... ok
Dec 02 07:44:56.847 INFO [stdout] test config::tests::read_language_config_file ... ok
Dec 02 07:44:56.855 INFO [stdout] test rust::tests::current_versions_are_green ... ok
Dec 02 07:44:56.855 INFO [stdout] test rust::tests::deprecated_versions_are_red ... ok
Dec 02 07:44:56.955 INFO [stdout] test config::tests::default_to_port_3k ... FAILED
Dec 02 07:44:56.955 INFO [stdout] 
Dec 02 07:44:56.955 INFO [stdout] failures:
Dec 02 07:44:56.955 INFO [stdout] 
Dec 02 07:44:56.955 INFO [stdout] ---- config::tests::default_to_port_3k stdout ----
Dec 02 07:44:56.955 INFO [stdout] thread 'config::tests::default_to_port_3k' panicked at 'assertion failed: `(left == right)`
Dec 02 07:44:56.955 INFO [stdout]   left: `"3000"`,
Dec 02 07:44:56.955 INFO [stdout]  right: `"3030"`', src/config.rs:26:9
Dec 02 07:44:56.955 INFO [stdout] stack backtrace:
Dec 02 07:44:56.955 INFO [stdout]    0:     0x55688e1974bf - std::sys::unix::backtrace::tracing::imp::unwind_backtrace::h3a8b83e1922cbdde
Dec 02 07:44:56.955 INFO [stdout]                                at libstd/sys/unix/backtrace/tracing/gcc_s.rs:49
Dec 02 07:44:56.955 INFO [stdout]    1:     0x55688e1a0727 - std::sys_common::backtrace::print::h00d3155a29b4020f
Dec 02 07:44:56.955 INFO [stdout]                                at libstd/sys_common/backtrace.rs:71
Dec 02 07:44:56.955 INFO [stdout]                                at libstd/sys_common/backtrace.rs:59
Dec 02 07:44:56.955 INFO [stdout]    2:     0x55688e19b1ef - std::panicking::default_hook::{{closure}}::hd7465c742e79e1bb
Dec 02 07:44:56.955 INFO [stdout]                                at libstd/panicking.rs:211
Dec 02 07:44:56.955 INFO [stdout]    3:     0x55688e19aeee - std::panicking::default_hook::h9e3966f2aa2a6e12
Dec 02 07:44:56.955 INFO [stdout]                                at libstd/panicking.rs:221
Dec 02 07:44:56.955 INFO [stdout]    4:     0x55688e19b8ce - std::panicking::rust_panic_with_hook::h587f091ae747d080
Dec 02 07:44:56.955 INFO [stdout]                                at libstd/panicking.rs:476
Dec 02 07:44:56.955 INFO [stdout]    5:     0x55688e19b471 - std::panicking::continue_panic_fmt::hb3a4fdede87f43a8
Dec 02 07:44:56.955 INFO [stdout]                                at libstd/panicking.rs:390
Dec 02 07:44:56.955 INFO [stdout]    6:     0x55688e19b3be - std::panicking::begin_panic_fmt::h387afc7da9a10555
Dec 02 07:44:56.955 INFO [stdout]                                at libstd/panicking.rs:345
Dec 02 07:44:56.955 INFO [stdout]    7:     0x55688e0cffcd - ruby_version_badger::config::tests::default_to_port_3k::ha0fbb598e71e7c24
Dec 02 07:44:56.955 INFO [stdout]                                at src/config.rs:26
Dec 02 07:44:56.955 INFO [stdout]    8:     0x55688e0cfe19 - ruby_version_badger::config::tests::default_to_port_3k::{{closure}}::hf8823bf7ae61a31b
Dec 02 07:44:56.955 INFO [stdout]                                at src/config.rs:25
Dec 02 07:44:56.955 INFO [stdout]    9:     0x55688e0d369d - core::ops::function::FnOnce::call_once::h996e94c5f5ff7217
Dec 02 07:44:56.955 INFO [stdout]                                at libcore/ops/function.rs:238
Dec 02 07:44:56.955 INFO [stdout]   10:     0x55688e0d588e - <F as alloc::boxed::FnBox<A>>::call_box::hac903f91577a156c
Dec 02 07:44:56.955 INFO [stdout]                                at libtest/lib.rs:1468
Dec 02 07:44:56.955 INFO [stdout]                                at libcore/ops/function.rs:238
Dec 02 07:44:56.955 INFO [stdout]                                at liballoc/boxed.rs:672
Dec 02 07:44:56.955 INFO [stdout]   11:     0x55688e1ab6d9 - __rust_maybe_catch_panic
Dec 02 07:44:56.955 INFO [stdout]                                at libpanic_unwind/lib.rs:102
Dec 02 07:44:56.955 INFO [stdout]   12:     0x55688e0f74e2 - std::sys_common::backtrace::__rust_begin_short_backtrace::hb8f0d0309526c184
Dec 02 07:44:56.955 INFO [stdout]                                at libstd/panicking.rs:289
Dec 02 07:44:56.955 INFO [stdout]                                at libstd/panic.rs:392
Dec 02 07:44:56.956 INFO [stdout]                                at libtest/lib.rs:1423
Dec 02 07:44:56.956 INFO [stdout]                                at libstd/sys_common/backtrace.rs:136
Dec 02 07:44:56.956 INFO [stdout]   13:     0x55688e0f7f94 - std::panicking::try::do_call::hc2f7c8b9a348d8db
Dec 02 07:44:56.956 INFO [stdout]                                at libstd/thread/mod.rs:409
Dec 02 07:44:56.956 INFO [stdout]                                at libstd/panic.rs:313
Dec 02 07:44:56.956 INFO [stdout]                                at libstd/panicking.rs:310
Dec 02 07:44:56.956 INFO [stdout]   14:     0x55688e1ab6d9 - __rust_maybe_catch_panic
Dec 02 07:44:56.956 INFO [stdout]                                at libpanic_unwind/lib.rs:102
Dec 02 07:44:56.956 INFO [stdout]   15:     0x55688e0e51cc - <F as alloc::boxed::FnBox<A>>::call_box::h6bfded618e480b32
Dec 02 07:44:56.956 INFO [stdout]                                at libstd/panicking.rs:289
Dec 02 07:44:56.956 INFO [stdout]                                at libstd/panic.rs:392
Dec 02 07:44:56.956 INFO [stdout]                                at libstd/thread/mod.rs:408
Dec 02 07:44:56.956 INFO [stdout]                                at liballoc/boxed.rs:672
Dec 02 07:44:56.956 INFO [stdout]   16:     0x55688e1990dd - std::sys_common::thread::start_thread::h4c28257d67cdf9cb
Dec 02 07:44:56.956 INFO [stdout]                                at liballoc/boxed.rs:682
Dec 02 07:44:56.956 INFO [stdout]                                at libstd/sys_common/thread.rs:24
Dec 02 07:44:56.956 INFO [stdout]   17:     0x55688e18e5f5 - std::sys::unix::thread::Thread::new::thread_start::hfecb2e7eff8fd34f
Dec 02 07:44:56.956 INFO [stdout]                                at libstd/sys/unix/thread.rs:90
Dec 02 07:44:56.956 INFO [stdout]   18:     0x7f4ccd03e6b9 - start_thread
Dec 02 07:44:56.956 INFO [stdout]   19:     0x7f4cccb5e41c - clone
Dec 02 07:44:56.956 INFO [stdout]   20:                0x0 - <unknown>
Dec 02 07:44:56.956 INFO [stdout] 
Dec 02 07:44:56.956 INFO [stdout] 
Dec 02 07:44:56.956 INFO [stdout] failures:
Dec 02 07:44:56.956 INFO [stdout]     config::tests::default_to_port_3k
Dec 02 07:44:56.956 INFO [stdout] 
Dec 02 07:44:56.956 INFO [stdout] test result: FAILED. 8 passed; 1 failed; 0 ignored; 0 measured; 0 filtered out
Dec 02 07:44:56.956 INFO [stdout] 
Dec 02 07:44:56.956 INFO [stderr] error: test failed, to rerun pass '--bin ruby-version-badger'
Dec 02 07:44:56.983 INFO [stderr] su: No module specific data is present
Dec 02 07:44:58.152 INFO running `"docker" "inspect" "97d185ff6f5406701a6a81127e019d1bfb601e8f3342323c4d64c798a897d4c5"`
Dec 02 07:44:58.560 INFO running `"docker" "rm" "-f" "97d185ff6f5406701a6a81127e019d1bfb601e8f3342323c4d64c798a897d4c5"`
Dec 02 07:44:59.082 INFO [stdout] 97d185ff6f5406701a6a81127e019d1bfb601e8f3342323c4d64c798a897d4c5
